Calculate the remainder when l is divided by p(h).
14
Let f = 78 + -77. Suppose -25 + 2 = -5*t + q, 3*q - f = t. Suppose t*a + 5*a = 500. Calculate the remainder when a is divided by 19.
12
Suppose -4*q - 5226 = -2*j, -7496 + 2319 = -2*j - 3*q. What is the remainder when j is divided by 24?
7
Let z be 72/(-28)*(-1288)/12. Suppose 9*g = 3*g + z. Suppose 3*d - g - 158 = 0. What is the remainder when d is divided by 14?
12
Let x be (3/2)/((-1)/2). Let m = 301 + -289. What is the remainder when 55 is divided by 1/x + ((-376)/m)/(-1)?
24
Suppose -3*p = -2*k - 2, -2*p + 7*k - 6 = 2*k. Suppose -11*c - p = 416. Calculate the remainder when 105 is divided by (6/(-9) - c/30)*45.
24
Suppose 4*h = -127*i + 128*i - 217, 0 = 7*i + 3*h - 1798. Calculate the remainder when i is divided by 90.
73
Suppose 0 = -21*z + 23311 + 6467. What is the remainder when z is divided by 19?
12
Suppose 0 = 5*m - 5, 0*m + 73 = 5*z - 2*m. Let d be -4 - 182 - 4/(8/6). Let s = -184 - d. What is the remainder when z is divided by s?
0
Let j(o) = 104*o + 2401. What is the remainder when j(-16) is divided by 190?
167
Let w = 322 - 198. Suppose -5*c + 2*n = -275, 2*c = -2*n - 0*n + w. What is the remainder when c is divided by 20?
17
Suppose 3*g - 1105 + 1220 = 2*k, 2*g = 4*k - 234. What is the remainder when 315 is divided by k?
20
Suppose 0 = -343*o + 345*o - 10. Suppose 0 = 20*f + o*f - 550. What is the remainder when 153 is divided by f?
21
What is the remainder when (1*2/(-6))/((-319)/146421) is divided by 34?
17
Let b(i) = 3 - 5 + 5*i + 5*i. Let g(u) = 48*u**2 + u. What is the remainder when g(-1) is divided by b(1)?
7
Suppose -3 = -y + 4*m + 2, -5*m - 53 = 3*y. Let t = y - -2. Calculate the remainder when 0 - ((t - -5) + -37) is divided by 5.
1
Suppose 737 = t - 4*g, 3*t + 19*g - 150 = 2216. What is the remainder when t is divided by 28?
1
Suppose -36*z + 316 = -224. What is the remainder when 6*1 + -9 + 28 is divided by z?
10
What is the remainder when 3/2*3*79458/7011 is divided by 3 - 4 - 3*-13?
13
Suppose 21 + 19 = 5*o. Let p = 304 - 302. Suppose a = -5*r + 271, 4*r - p*r - 126 = 4*a. Calculate the remainder when r is divided by o.
7
Let w be (-23)/(-161) - 2/14. Suppose w = 82*m - 85*m + 12. Suppose 3*s + 2*y = -m, y = -2*s - 0*y - 1. What is the remainder when 7 is divided by s?
1
Let g(u) = 11*u**2 - 63*u + 16. Suppose 54 = 3*c + 3*z, -z = -c + 5*c - 75. What is the remainder when g(6) is divided by c?
15
Let o(f) = 23*f**2 - 29*f - 28. Suppose 0 = p + 2*t - 241, 5*p - 1194 = -t + 2*t. What is the remainder when p is divided by o(-1)?
23
Let z(j) = 47*j**2 - 53*j + 40. Calculate the remainder when z(-14) is divided by 238.
236
Suppose -8 = 3*g + 1. Calculate the remainder when 99*((-5)/180*-12 - 0/4) is divided by ((-8)/g)/(6/27).
9
Suppose -6*g - 5*f = -27 - 256, -4*f = 5*g - 235. Calculate the remainder when 373 is divided by g.
29
Suppose 0 = 5*w + 13*h - 59, 6*w - 8*w + 36 = -h. Calculate the remainder when 71 is divided by w.
3
Suppose -2*o - 3*v + 35 = 0, 3*v = o - 1 - 21. Suppose o + 95 = 6*t. What is the remainder when t is divided by 13?
6
Suppose 5*y = 98*y - 930. Suppose -335 = -4*g - 31. Calculate the remainder when g is divided by y.
6
Let h = -20 + 79. Let n = h - -59. Calculate the remainder when n is divided by -11*1/3*-3.
8
Suppose 103*h = 1349 + 2771. Calculate the remainder when 3519 is divided by h.
39
Let n = 105 + -93. What is the remainder when (56 + -12)/(-2 - -4) is divided by n?
10
Let d(w) = 9*w**2 + w + 545. Calculate the remainder when d(23) is divided by 82.
81
Calculate the remainder when 453 is divided by (-499)/(-6) - (1175/(-30))/47.
33
Let c(y) = 9*y + 137. Let n be c(-15). Suppose -k - n = -5*g, -105 = -2*k - 3*k + 2*g. What is the remainder when 158 is divided by k?
20
Suppose -21*w + 12*w - 2259 = 0. Let b = w + 261. What is the remainder when 59 is divided by b?
9
Let k = -94 + 94. Suppose 4*m + 9*m - 78 = k. Calculate the remainder when 20 is divided by m.
2
Let c(a) = 22*a + 80. Calculate the remainder when 163 is divided by c(-3).
9
What is the remainder when 1253 + 0 - (-2 + 15) is divided by 18?
16
Suppose 26301*t = 26305*t - 132. Suppose 5*i - 6*i - 2*d = -24, 0 = -2*i - 3*d + 45. Calculate the remainder when t is divided by i.
15
Suppose 2*f + u = -54, 4*u + 33 = 5*f + 142. Let b = f + 31. Suppose 0 = 3*i - b*i - 12, 3*c + i = 23. What is the remainder when c is divided by 3?
0
Suppose -11*d - 1274 = -13*d. Suppose 642*b - d*b - 610 = 0. Calculate the remainder when b is divided by (-63 + 1)*(-3)/6.
29
Let a(b) = b**3 + 25*b**2 + 23*b - 23. Let l be (-18)/24 + 89/(-4) - 1. Calculate the remainder when (-26)/(-10) - (-4)/(100/(-15)) is divided by a(l).
0
Let w = 454 - 414. Suppose -36 = w*q - 4956. Calculate the remainder when q is divided by 13.
6
Let o = -559 - -392. Let y = o - -1413. What is the remainder when y is divided by 24?
22
What is the remainder when 1192 is divided by 30000/48*(-4)/(-20)?
67
Suppose -7*i - 4 + 11 = 0. Let v be (i + -4)*((-5)/(-3) - 1). What is the remainder when 13 - v/(-3)*3 is divided by 4?
3
What is the remainder when 25/10*-2 + (-1143)/(-36)*4 is divided by 50?
22
Calculate the remainder when 4126 is divided by 12/(-24) - (-1737)/18.
94
Let v(p) = p**2 + 15*p - 4. Suppose w - 2*q + 10 + 1 = 0, 5*w = q - 82. Let s = 2 - -6. Calculate the remainder when v(w) is divided by s.
6
Suppose -31*u = -29*u + c - 325, 0 = 5*c + 5. Let a = u + -52. What is the remainder when 212 is divided by a?
101
Suppose 6*r + 0 = 12. Suppose 0 = 3*x - 7*x. Suppose 0 = 5*g - 5*n - x*n - 115, 5*g + r*n = 87. What is the remainder when 73 is divided by g?
16
Suppose s = 3*q + 481, -5*s + 1444 = 4*q - 866. Calculate the remainder when s is divided by 112.
18
Let s(z) = 12 + 9*z - 36 + 19*z**3 + 9*z**2 - 20*z**3. Calculate the remainder when 338 is divided by s(9).
53
Let f(w) = 121*w + 5510. What is the remainder when 967 is divided by f(-45)?
57
Let c(q) = q**2 + 19*q + 21. Let n be c(-13). Let x = n - -94. Calculate the remainder when 71 is divided by x.
34
Let d = -346 - -362. Suppose d*a + 175 - 479 = 0. Suppose -366 - 158 = -4*b. What is the remainder when b is divided by a?
17
What is the remainder when 599 is divided by (16 + -1)*(320/(-6))/(-16)?
49
Let q(j) = -7 + 5 + 8*j - j**2 - 9 - 7. Let a(h) = -h - 2. Let r(g) = -6*a(g) + q(g). Calculate the remainder when 167 is divided by r(8).
41
Suppose -109*b - n - 4123 = -111*b, 4*b = n + 8241. What is the remainder when b is divided by 103?
102
Suppose 39 = 2*p + 63. What is the remainder when 108 is divided by ((-15)/p)/((-5)/(-120))?
18
Suppose -13756 = 85*r - 266*r. Calculate the remainder when 1063 is divided by r.
75
Let m(s) = -6*s**2 - 93*s - 233. Calculate the remainder when ((-28)/6)/(10/(-195)) is divided by m(-12).
15
Let x(i) = -6*i + 0 + i**2 + 3*i - 2. What is the remainder when x(4) is divided by (15 - 14)/(65 - 64)?
0
What is the remainder when 1172 is divided by 16 - (((-4)/(-3 + 1))/1 + -3)?
16
Let q(a) = 17*a**3 + a**2 - a. Let y(h) = 283*h + 11386. Calculate the remainder when y(-40) is divided by q(1).
15
Let d be (-38)/(-6) - ((-110)/(-15))/(-11). Suppose -639 = d*u - 1654. What is the remainder when u is divided by 37?
34
Calculate the remainder when 761 is divided by 12654/95 + (-3)/15 - 4.
116
Let o = -2527 - -2600. Let r = -1 - -9. Suppose -3*n + o = -r. What is the remainder when n is divided by 16?
11
Let w(a) be the second derivative of 7*a**3/3 + 93*a**2/2 - 2*a - 26. What is the remainder when w(-5) is divided by 12?
11
Suppose -801 = -4*z + z. Suppose 467*p - 528*p + 2074 = 0. Calculate the remainder when z is divided by p.
29
Let q = 147 - -218. Suppose 4*c = 473 - q. What is the remainder when 265 is divided by c?
22
Suppose -163*a - 935 = -33046. Calculate the remainder when 15560 is divided by a.
194
Suppose -7*j + l = -4*j - 19, -44 = -3*j - 4*l. Let h = j + 63. Let z = -45 - -64. Calculate the remainder when h is divided by z.
14
Let f = 13902 - 13572. Calculate the remainder when 3305 is divided by f.
5
Suppose -187*g + 1080 = -184*g. What is the remainder when -4 + (-2494)/(-18) + 160/g is divided by 28?
23
Calculate the remainder when (-3232)/(-7) - 171/(-133) is divided by 9.
4
Let k(q) = q**2 - 9*q - 25. Let s be k(13)